+ 40*i - 80. Give c(37).
31
Let o(d) = -2*d**2 - 71*d - 352. Determine o(-6).
2
Let f(m) = m**3 + 23*m**2 + 143*m + 188. Determine f(-9).
35
Let f(b) = -b**3 - 11*b**2 + 42*b + 222. Determine f(-13).
14
Let t(w) = -w**3 + 48*w**2 + 142*w + 380. What is t(51)?
-181
Let j(w) = 2452*w - 132406. Determine j(54).
2
Let m(g) = 12*g**3 + 85*g**2 + 8*g. What is m(-7)?
-7
Let g(h) = -39*h**2 - 467*h + 528. What is g(-13)?
8
Let k(i) = 9*i - 321. Determine k(21).
-132
Let u(l) = 94*l**2 + 657*l - 3. Give u(-7).
4
Let f(b) = -228*b**2 - 39*b + 76. Give f(2).
-914
Let f(x) = x**3 - 27*x**2 + 69*x - 447. Determine f(25).
28
Let l(p) = 129*p**2 + 76*p + 77. What is l(-1)?
130
Let y(a) = -a**3 + 10*a**2 - 26*a + 74. Give y(7).
39
Let u(p) = 19*p**2 + 129*p + 538. What is u(-4)?
326
Let i(d) = d**2 - 9*d - 196. What is i(-10)?
-6
Let m(z) = z**3 + 4*z**2 - 8*z + 40. Determine m(-6).
16
Let m(k) = -3*k**2 + 3*k - 89. Give m(-8).
-305
Let g(m) = 38*m + 554. Give g(-12).
98
Let t(j) = 2*j**2 - 6*j - 117. Give t(9).
-9
Let g(s) = 14*s**2 - 129*s + 18. Calculate g(9).
-9
Let x(w) = -w**3 + 15*w**2 + 12*w + 30. Give x(14).
394
Let n(h) = -600*h - 2477. Calculate n(-4).
-77
Let k(f) = 2*f**3 - 27*f**2 - 23*f + 128. Determine k(14).
2
Let q(z) = 11*z**2 + 14*z + 31. Determine q(-3).
88
Let h(l) = l**3 - l**2 - 2546*l + 5088. Determine h(2).
0
Let t(v) = -5*v**2 + 35*v + 209. What is t(10)?
59
Let s(t) = 845*t - 1685. Determine s(2).
5
Let a(s) = 3*s**2 + 158*s - 83. Calculate a(-52).
-187
Let o(b) = -b**2 + 5*b - 22. Determine o(17).
-226
Let z(c) = 13*c**2 + 6*c - 9. Give z(4).
223
Let h(m) = -13*m**3 - 5*m**2 + 4*m + 45. What is h(-4)?
781
Let o(q) = 1011*q - 23259. What is o(23)?
-6
Let b(g) = -11*g - 439. What is b(-29)?
-120
Let x(k) = 4*k**2 + 459*k - 581. What is x(-116)?
-1
Let s(f) = -9*f + 19. What is s(0)?
19
Let r(b) = 3025*b + 18175. Calculate r(-6).
25
Let t(f) = 19*f + 983. What is t(-48)?
71
Let v(u) = -240*u + 9836. Calculate v(41).
-4
Let h(q) = 47*q**3 - 2*q**2 + 9*q - 8. What is h(1)?
46
Let f(y) = 18*y - 44. Calculate f(-8).
-188
Let f(y) = y**3 + 73*y**2 - 217*y - 263. Determine f(-76).
-1099
Let g(p) = -2*p**2 - 64*p + 530. What is g(10)?
-310
Let b(z) = z**2 + 127*z - 8844. Calculate b(-177).
6
Let p(m) = -m**2 - 31*m - 43. Give p(-14).
195
Let v(x) = -844*x + 2536. Give v(3).
4
Let x(g) = -6*g**2 + 10*g - 453. Determine x(0).
-453
Let a(g) = -g**3 + 2*g**2 + 13*g + 25. Give a(6).
-41
Let c(v) = 2*v**2 - 81*v + 122. Determine c(34).
-320
Let i(b) = -3*b**2 - 164*b - 111. Calculate i(-54).
-3
Let u(j) = j**2 - 66*j + 204. Calculate u(3).
15
Let o(p) = 86*p - 1452. Determine o(17).
10
Let f(b) = b**2 - 536*b + 23863. Calculate f(49).
0
Let m(r) = -2573*r + 92621. Determine m(36).
-7
Let k(n) = n**2 - 37*n + 79. Give k(5).
-81
Let v(s) = s**3 + 33*s**2 - 27*s + 244. Determine v(-34).
6
Let z(y) = 14*y**3 + y**2 - 3*y + 4. Give z(2).
114
Let i(r) = -2*r**3 + 52*r**2 - 42*r - 21. Give i(25).
179
Let f(v) = -327*v + 1633. Determine f(5).
-2
Let v(h) = -37*h - 30. Determine v(-5).
155
Let b(k) = -4*k**2 - 33*k - 13. Determine b(-9).
-40
Let d(r) = r**3 + 12*r**2 - 3*r + 156. Calculate d(-13).
26
Let s(l) = 29*l + 3329. What is s(-115)?
-6
Let c(m) = -m**2 + 18777*m - 56314. What is c(3)?
8
Let z(n) = -n**3 + 23*n**2 - 42*n - 128. What is z(21)?
-128
Let y(r) = 171*r - 120. Determine y(3).
393
Let z(n) = -n**2 - 52*n - 271. Determine z(-44).
81
Let i(z) = -2592*z + 23328. Give i(9).
0
Let q(o) = 39*o + 21. Calculate q(-3).
-96
Let c(s) = -s**2 - 6920*s - 20758. Give c(-3).
-7
Let m(y) = -y**3 + 9*y**2 - 8*y - 32. Give m(6).
28
Let c(w) = -594*w - 9986. Calculate c(-17).
112
Let c(r) = 3*r**3 - 46*r**2 + 58*r - 23. Determine c(14).
5
Let i(t) = -7*t**2 - 1397*t + 3421. Calculate i(-202).
-13
Let f(m) = m**2 + 78*m - 1506. Determine f(16).
-2
Let a(z) = 50*z + 191. Calculate a(-4).
-9
Let s(o) = 110*o + 385. Calculate s(-6).
-275
Let i(q) = -5*q**3 + 632*q**2 - 258*q + 769. Give i(126).
13
Let v(c) = -14*c - 2. What is v(0)?
-2
Let q(w) = 15792*w + 221081. Determine q(-14).
-7
Let z(v) = -2*v**2 - 37*v - 42. Determine z(-16).
38
Let c(x) = -x**3 - 7*x**2 - 3*x + 30. Determine c(-4).
-6
Let p(y) = y**3 + 19*y**2 + 227*y + 1237. What is p(-9)?
4
Let m(n) = n**2 + 134*n + 1256. Determine m(-10).
16
Let l(f) = 32*f - 1537. Determine l(48).
-1
Let r(v) = -9*v**3 + 2*v**2 - 7*v + 2. What is r(3)?
-244
Let z(f) = 77*f**2 + 1036*f + 453. Determine z(-13).
-2
Let w(i) = -147*i + 176. Determine w(1).
29
Let g(b) = -b**3 - 13*b**2 + 11*b + 190. What is g(-13)?
47
Let p(x) = x**3 + 20*x**2 - 129*x + 49. Determine p(-25).
149
Let y(q) = -q**3 + 15*q**2 - 34*q + 93. Determine y(13).
-11
Let y(p) = p**3 - 192*p**2 - 179*p - 2670. Determine y(193).
32
Let r(h) = 4*h**2 - 56*h + 221. Give r(5).
41
Let s(n) = -n**2 + 327*n - 966. What is s(3)?
6
Let l(k) = k**3 + 8*k**2 + 8*k + 125. Give l(-8).
61
Let f(n) = 23722*n - 118600. Determine f(5).
10
Let k(y) = 65*y - 800. Determine k(11).
-85
Let x(f) = f**2 + 2599*f + 1. Give x(0).
1
Let v(y) = 30*y - 2409. Calculate v(74).
-189
Let h(g) = 3*g**3 + 3*g**2 - 16*g + 5. Determine h(3).
65
Let w(i) = -i**2 + 49*i - 667. Calculate w(20).
-87
Let s(z) = z**2 + 23*z + 113. Calculate s(-16).
1
Let r(x) = -x**3 + 10*x**2 - x - 4. Calculate r(8).
116
Let i(y) = 11*y**2 + 27*y - 3. Calculate i(-3).
15
Let y(n) = -141*n + 2530. Determine y(18).
-8
Let r(s) = 6*s**2 - 39*s - 134. Calculate r(9).
1
Let f(z) = 7*z**2 + 13*z + 124. Calculate f(-7).
376
Let n(k) = 413*k + 23126. Give n(-56).
-2
Let y(d) = 103*d + 453. Calculate y(-9).
-474
Let i(p) = 72*p**2 + 157*p + 17. Give i(-2).
-9
Let u(f) = -1568*f + 48613. What is u(31)?
5
Let q(x) = -1470*x - 29414. What is q(-20)?
-14
Let q(s) = -s**3 + 278*s**2 - 3945*s - 2. Give q(263).
-2
Let f(i) = -i**2 - 102*i + 272. Determine f(-104).
64
Let j(f) = -542*f - 764. Calculate j(-1).
-222
Let g(d) = -2*d**2 + 317*d - 1532. Determine g(5).
3
Let s(y) = -y**3 - 11*y**2 - 88*y - 218. Calculate s(-4).
22
Let n(u) = 2*u**3 + 511*u**2 + 3482*u + 17. Determine n(-7).
-4
Let b(j) = j**2 + 6*j + 15. Give b(5).
70
Let i(l) = -2*l**2 + 1069*l + 4288. Determine i(-4).
-20
Let w(q) = 2*q**2 - 3*q - 153. What is w(10)?
17
Let t(l) = -l**3 - 6*l**2 + 103*l - 154. Determine t(6).
32
Let c(t) = -2*t**2 + 1601*t + 6397. Calculate c(-4).
-39
Let m(r) = r**3 + 24*r**2 - 25*r - 1524. Give m(-22).
-6
Let d(h) = -h**2 - 36*h + 73. Calculate d(2).
-3
Let x(n) = -11*n**2 + 136*n - 288. Give x(9).
45
Let g(m) = -3*m**3 - 606*m**2 + 12*m + 2423. Determine g(-202).
-1
Let l(h) = -h**3 + 42*h**2 - 183*h - 11. What is l(5)?
-1
Let u(h) = h**2 + 25*h + 106. Calculate u(-12).
-50
Let t(u) = -95*u + 295. Determine t(3).
10
Let j(r) = -33*r**2 + 80*r - 24. Give j(2).
4
Let a(v) = -10083*v - 110913. Determine a(-11).
0
Let l(x) = 222*x + 1047. Calculate l(-6).
-285
Let t(p) = -5*p**2 - 43*p + 68. What is t(-10)?
-2
Let r(h) = h**3 + 3*h**2 - 311*h + 1722. Determine r(11).
-5
Let r(v) = 1848*v - 7403. Calculate r(4).
-11
Let p(x) = x**3 - 17*x**2 + 7*x + 110. What is p(16)?
-34
Let u(v) = -41*v + 122. Give u(2).
40
Let o(w) = -3*w**2 + 2*w - 5. What is o(4)?
-45
Let a(s) = s**3 + 9*s**2 - 23*s + 15. Give a(-11).
26
Let n(p) = -p**3 - 10*p**2 - 64*p - 511. What is n(-9)?
-16
Let g(s) = s**3 - 7*s**2 + 32*s - 92. Calculate g(6).
64
Let n(i) = 151*i + 1030. Calculate n(-7).
-27
Let x(p) = 4*p**3 + p**2 + 3*p - 120. Give x(0).
-120
Let a(o) = -2*o**3 + 39*o**2 + 51*o + 260. Give a(21).
8
Let u(b) = -438*b + 994. Calculate u(2).
118
Let x(a) = -a**3 + 11*a**2 - 21*a - 2. Give x(9).
-29
Let f(j) = -5*j**3 + 54*j**2 + 19*j - 19. Give f(11).
69
Let r(l) = -105*l + 19957. Give r(190).
7
Let x(q) = -q**3 - 63*q**2 - 61*q + 81. Determine x(-62).
19
Let n(f) = 2*f**3 + 76*f**2 - 156*f + 57. Give n(-40).
-103
Let i(j) = -2906*j - 23244. Give i(-8).
4
Let f(z) = -11*z + 135. Determine f(9).
36
Let a(s) = -254*s + 493. Give a(2).
-15
Let y(x) = -5*x - 170. Calculate y(23).
-285
Let g(u) = -2095*u - 4179. Give g(-2).
11
Let d(m) = -2*m**2 - 79*m - 837. What is d(-25)?
-112
Let w(r) = -r**3 + 47*r**2 - 566*r + 708. What is w(27)?
6
Let t(j) = -j**3 - 31*j**2 - 47*j + 1026. What is t(-28)?
-10
Let j(w) = -38*w**2 + 10*w - 8. What is j(1)?
-36
L